30.
26
What is the remainder when 490816 is divided by 511?
256
What is the remainder when 6078 is divided by 550?
28
Calculate the remainder when 687550 is divided by 687545.
5
Calculate the remainder when 1738090 is divided by 3435.
3415
What is the remainder when 948096 is divided by 316027?
15
What is the remainder when 4670686 is divided by 150?
136
What is the remainder when 272147 is divided by 1352?
395
Calculate the remainder when 2838580 is divided by 709369.
1104
What is the remainder when 1499750 is divided by 240?
230
What is the remainder when 2061148 is divided by 687013?
109
What is the remainder when 1986428 is divided by 37?
9
Calculate the remainder when 5586176 is divided by 1862055.
11
What is the remainder when 1220764 is divided by 3677?
0
What is the remainder when 17539940 is divided by 242?
22
Calculate the remainder when 478011 is divided by 432.
219
What is the remainder when 145007 is divided by 239?
173
Calculate the remainder when 834425 is divided by 374.
31
What is the remainder when 675375 is divided by 336?
15
Calculate the remainder when 276710 is divided by 19759.
84
What is the remainder when 29135 is divided by 4137?
176
Calculate the remainder when 21272305 is divided by 4559.
11
Calculate the remainder when 11166000 is divided by 587684.
4
Calculate the remainder when 925554 is divided by 1462.
108
Calculate the remainder when 18964274 is divided by 236.
22
Calculate the remainder when 13688259 is divided by 39.
0
What is the remainder when 8389743 is divided by 292?
291
What is the remainder when 74177 is divided by 36684?
809
What is the remainder when 30497 is divided by 371?
75
Calculate the remainder when 1020254 is divided by 339961.
371
Calculate the remainder when 40035 is divided by 19789.
457
Calculate the remainder when 4727069 is divided by 636.
317
What is the remainder when 175018 is divided by 229?
62
What is the remainder when 5458815 is divided by 5458693?
122
What is the remainder when 2468311 is divided by 145186?
149
What is the remainder when 6711177 is divided by 105?
102
What is the remainder when 128559 is divided by 5476?
2611
Calculate the remainder when 80755 is divided by 3499.
278
What is the remainder when 48368 is divided by 3173?
773
What is the remainder when 409970 is divided by 5856?
50
Calculate the remainder when 1261952 is divided by 420440.
632
Calculate the remainder when 50110 is divided by 1037.
334
Calculate the remainder when 472972 is divided by 67554.
94
Calculate the remainder when 214057 is divided by 3955.
487
Calculate the remainder when 738988271 is divided by 15.
11
What is the remainder when 545716 is divided by 545696?
20
Calculate the remainder when 78960 is divided by 4294.
1668
What is the remainder when 2086465 is divided by 205?
180
What is the remainder when 154066 is divided by 13747?
2849
What is the remainder when 12155218 is divided by 312?
10
What is the remainder when 830644 is divided by 495?
34
Calculate the remainder when 9591019 is divided by 100958.
9
Calculate the remainder when 10748190 is divided by 1649.
8
What is the remainder when 125940467 is divided by 104863?
4
Calculate the remainder when 32132150 is divided by 114.
110
Calculate the remainder when 5346873 is divided by 23977.
2
Calculate the remainder when 224863 is divided by 2506.
1829
Calculate the remainder when 435443 is divided by 2210.
73
Calculate the remainder when 15972473 is divided by 26.
23
Calculate the remainder when 4427303 is divided by 169.
10
Calculate the remainder when 1703401 is divided by 567799.
4
Calculate the remainder when 9552240 is divided by 1592038.
12
What is the remainder when 6891 is divided by 5445?
1446
Calculate the remainder when 6469 is divided by 3361.
3108
What is the remainder when 421354161 is divided by 17?
15
Calculate the remainder when 163165 is divided by 32612.
105
Calculate the remainder when 4882 is divided by 3605.
1277
Calculate the remainder when 138873 is divided by 46278.
39
Calculate the remainder when 28458503 is divided by 4743082.
11
Calculate the remainder when 1850081 is divided by 4458.
11
Calculate the remainder when 62805473 is divided by 387688.
17
Calculate the remainder when 49241451 is divided by 3787803.
12
What is the remainder when 177457 is divided by 421?
216
What is the remainder when 7988446 is divided by 91?
11
Calculate the remainder when 2341050 is divided by 1170520.
10
Calculate the remainder when 109825919 is divided by 20.
19
Calculate the remainder when 682578 is divided by 227472.
162
What is the remainder when 173580 is divided by 57433?
1281
What is the remainder when 3067252 is divided by 6026?
18
Calculate the remainder when 9675298 is divided by 1755.
1738
Calculate the remainder when 453914 is divided by 9078.
14
What is the remainder when 561196 is divided by 112172?
336
What is the remainder when 342229 is divided by 794?
15
Calculate the remainder when 283327 is divided by 49.
9
Calculate the remainder when 2844108 is divided by 2471.
2458
Calculate the remainder when 5154360 is divided by 156192.
24
What is the remainder when 2334958 is divided by 1692?
1690
Calculate the remainder when 83198 is divided by 5533.
203
Calculate the remainder when 3561645 is divided by 178062.
405
Calculate the remainder when 15667971 is divided by 2842.
25
Calculate the remainder when 118417 is divided by 7183.
3489
Calculate the remainder when 277098 is divided by 19789.
52
What is the remainder when 668555 is divided by 6009?
1556
Calculate the remainder when 79055 is divided by 7227.
6785
Calculate the remainder when 44814 is divided by 840.
294
Calculate the remainder when 307098 is divided by 16814.
4446
Calculate the remainder when 39721 is divided by 952.
689
What is the remainder when 2808041 is divided by 187?
49
Calculate the remainder when 138094635 is divided by 1002.
999
Calculate the remainder when 89154 is divided by 82.
20
What is the remainder when 66092 is divided by 1351?
1244
What is the remainder when 6545572 is divided by 148?
124
Calculate the remainder when 5791828 is divided by 103425.
28
What is the remainder when 123485 is divided by 473?
32
Calculate the remainder when 1111067 is divided by 512.
27
Calculate the remainder when 6044741 is divided by 118524.
17
What is the remainder when 175295 is divided by 87556?
183
Calculate the remainder when 1408425 is divided by 597.
102
What is the remainder when 39391 is divided by 19654?
83
Calculate the remainder when 94549 is divided by 50.
49
What is the remainder when 71092 is divided by 22284?
4240
Calculate the remainder when 215447 is divided by 23935.
32
What is the remainder when 4541 is divided by 4382?
159
What is the remainder when 1919175 is divided by 6290?
725
Calculate the remainder when 1252383 is divided by 702.
15
Calculate the remainder when 22262847 is divided by 2390.
2387
What is the remainder when 15285 is divided by 1389?
6
What is the remainder when 127633 is divided by 478?
7
Calculate the remainder when 100504 is divided by 20045.
279
What is the remainder when 2726002 is divided by 5398?
12
Calculate the remainder when 103134 is divided by 778.
438
Calculate the remainder when 9251196 is divided by 47.
45
Calculate the remainder when 5082 is divided by 965.
257
What is the remainder when 519166 is divided by 8373?
40
Calculate the remainder when 7675700 is divided by 1673.
1649
What is the remainder when 4733 is divided by 4431?
302
What is the remainder when 2039068 is divided by 835?
833
Calculate the remainder when 2147067 is divided by 11861.
226
What is the remainder when 2762960 is divided by 212389?
1903
What is the remainder when 26718464 is divided by 8906154?
2
Calculate the remainder when 752810 is divided by 16832.
12202
What is the remainder when 460477 is divided by 10230?
127
Calculate the remainder when 167874 is divided by 705.
84
What is the remainder when 104471 is divided by 159?
8
What is the remainder when 15834 is divided by 1824?
1242
Calculate the remainder when 262135 is divided by 20151.
172
Calculate the remainder when 1996960 is divided by 97.
21
What is the remainder when 31422 is divided by 1120?
62
What is the remainder when 381817 is divided by 10?
7
Calculate the